at is the remainder when 3891 is divided by 118?
115
What is the remainder when 90777 is divided by 4772?
109
Calculate the remainder when 60353 is divided by 554.
521
Calculate the remainder when 11743 is divided by 12.
7
What is the remainder when 24128 is divided by 548?
16
What is the remainder when 97567 is divided by 293?
291
What is the remainder when 6360 is divided by 114?
90
What is the remainder when 1620267 is divided by 1530?
1527
What is the remainder when 4417 is divided by 1441?
94
What is the remainder when 999022 is divided by 449?
446
What is the remainder when 26254 is divided by 26251?
3
What is the remainder when 3796 is divided by 374?
56
What is the remainder when 1686 is divided by 150?
36
Calculate the remainder when 24398 is divided by 6088.
46
What is the remainder when 114218 is divided by 560?
538
Calculate the remainder when 56023 is divided by 34.
25
Calculate the remainder when 26564 is divided by 55.
54
What is the remainder when 111236 is divided by 111190?
46
What is the remainder when 800 is divided by 154?
30
Calculate the remainder when 1236 is divided by 618.
0
Calculate the remainder when 100599 is divided by 54.
51
Calculate the remainder when 8852 is divided by 4343.
166
Calculate the remainder when 671971 is divided by 913.
3
What is the remainder when 12033 is divided by 5702?
629
Calculate the remainder when 16860 is divided by 281.
0
What is the remainder when 137541 is divided by 7?
5
Calculate the remainder when 60883 is divided by 115.
48
What is the remainder when 51590 is divided by 1984?
6
What is the remainder when 9712 is divided by 3204?
100
Calculate the remainder when 1915 is divided by 345.
190
What is the remainder when 32045 is divided by 557?
296
What is the remainder when 9728 is divided by 798?
152
What is the remainder when 11986 is divided by 38?
16
What is the remainder when 3682 is divided by 552?
370
What is the remainder when 160962 is divided by 9467?
23
Calculate the remainder when 7452 is divided by 3715.
22
What is the remainder when 5188 is divided by 578?
564
Calculate the remainder when 3557 is divided by 135.
47
Calculate the remainder when 15674 is divided by 340.
34
Calculate the remainder when 9920 is divided by 916.
760
Calculate the remainder when 35366 is divided by 1607.
12
Calculate the remainder when 33198 is divided by 1133.
341
What is the remainder when 77544 is divided by 25848?
0
What is the remainder when 143237 is divided by 47722?
71
Calculate the remainder when 832321 is divided by 197.
193
Calculate the remainder when 175293 is divided by 89.
52
What is the remainder when 8905 is divided by 2850?
355
What is the remainder when 42547 is divided by 72?
67
What is the remainder when 970 is divided by 96?
10
Calculate the remainder when 245853 is divided by 26.
23
Calculate the remainder when 114804 is divided by 39.
27
What is the remainder when 186438 is divided by 472?
470
Calculate the remainder when 7732735 is divided by 512.
511
What is the remainder when 67713 is divided by 209?
206
Calculate the remainder when 13334 is divided by 1211.
13
Calculate the remainder when 102650 is divided by 10264.
10
Calculate the remainder when 656927 is divided by 32.
31
Calculate the remainder when 8427 is divided by 227.
28
What is the remainder when 30676 is divided by 52?
48
Calculate the remainder when 12604 is divided by 632.
596
Calculate the remainder when 12891614 is divided by 32.
30
What is the remainder when 51944 is divided by 108?
104
What is the remainder when 6085 is divided by 3024?
37
What is the remainder when 8742 is divided by 484?
30
What is the remainder when 657 is divided by 25?
7
Calculate the remainder when 4345 is divided by 2164.
17
Calculate the remainder when 4191148 is divided by 5.
3
What is the remainder when 4709 is divided by 1173?
17
Calculate the remainder when 11498 is divided by 256.
234
What is the remainder when 30905 is divided by 102?
101
What is the remainder when 49094 is divided by 21?
17
Calculate the remainder when 31475 is divided by 828.
11
What is the remainder when 9197 is divided by 144?
125
What is the remainder when 35280 is divided by 136?
56
What is the remainder when 39708 is divided by 1001?
669
What is the remainder when 33541 is divided by 410?
331
Calculate the remainder when 4429 is divided by 884.
9
Calculate the remainder when 759686 is divided by 48.
38
What is the remainder when 2849 is divided by 464?
65
What is the remainder when 7694 is divided by 829?
233
What is the remainder when 27238 is divided by 9070?
28
What is the remainder when 1199 is divided by 277?
91
Calculate the remainder when 1260 is divided by 111.
39
Calculate the remainder when 62309 is divided by 4448.
37
What is the remainder when 256944 is divided by 39?
12
Calculate the remainder when 985576 is divided by 218.
216
Calculate the remainder when 22711 is divided by 264.
7
What is the remainder when 3145 is divided by 2019?
1126
Calculate the remainder when 91746 is divided by 439.
434
Calculate the remainder when 17906 is divided by 242.
240
What is the remainder when 81418 is divided by 22?
18
Calculate the remainder when 8512 is divided by 2128.
0
What is the remainder when 52734 is divided by 20?
14
Calculate the remainder when 5239 is divided by 186.
31
What is the remainder when 15860 is divided by 481?
468
Calculate the remainder when 147598 is divided by 40.
38
What is the remainder when 2917 is divided by 37?
31
What is the remainder when 1164 is divided by 104?
20
Calculate the remainder when 2887 is divided by 353.
63
What is the remainder when 19608 is divided by 86?
0
Calculate the remainder when 84072 is divided by 285.
282
What is the remainder when 34493 is divided by 627?
8
Calculate the remainder when 48048 is divided by 261.
24
Calculate the remainder when 10445 is divided by 317.
301
What is the remainder when 4827 is divided by 10?
7
Calculate the remainder when 6136 is divided by 6112.
24
What is the remainder when 23468 is divided by 7798?
74
Calculate the remainder when 96874 is divided by 280.
274
What is the remainder when 1441 is divided by 1434?
7
What is the remainder when 19972 is divided by 44?
40
What is the remainder when 26086 is divided by 1372?
18
Calculate the remainder when 437 is divided by 58.
31
Calculate the remainder when 12974 is divided by 114.
92
What is the remainder when 3135 is divided by 64?
63
Calculate the remainder when 1260 is divided by 125.
10
What is the remainder when 8603 is divided by 357?
35
What is the remainder when 2509 is divided by 148?
141
Calculate the remainder when 516 is divided by 153.
57
Calculate the remainder when 2119 is divided by 671.
106
What is the remainder when 3574 is divided by 39?
25
Calculate the remainder when 279526 is divided by 51.
46
Calculate the remainder when 1055159 is divided by 36.
35
What is the remainder when 105279 is divided by 679?
34
Calculate the remainder when 153683 is divided by 327.
320
What is the remainder when 4046 is divided by 4027?
19
Calculate the remainder when 13720 is divided by 22.
14
What is the remainder when 144786 is divided by 2454?
0
What is the remainder when 24225 is divided by 12?
9
What is the remainder when 5508 is divided by 5451?
57
What is the remainder when 18969 is divided by 4741?
5
What is the remainder when 354153 is divided by 72?
57
Calculate the remainder when 126345 is divided by 2072.
2025
What is the remainder when 23873 is divided by 135?
113
Calculate the remainder when 5003 is divided by 98.
5
Calculate the remainder when 586 is divided by 91.
40
Calculate the remainder when 1050712 is divided by 434.
432
Calculate the remainder when 448518 is divided by 55.
48
What is the remainder when 136582 is divided by 14?
12
What is the remainder when 7209 is divided by 213?
180
Calculate the remainder when 149457 is divided by 49807.
36
Calculate the remainder when 339725 is divided by 272.
269
What is the remainder when 62829 is divided by 12?
9
Calculate the remainder when 20309 is divided by 737.
410
What is the remainder when 1509 is divided by 1456?
53
What is the remainder when 4376 is divided by 232?
200
What is the remainder when 32264 is divided by 13?
11
Calculate the rema